{"id":3882,"date":"2023-01-26T09:03:45","date_gmt":"2023-01-26T09:03:45","guid":{"rendered":"http:\/\/mo.rasica.org\/?page_id=3882"},"modified":"2023-10-09T14:08:01","modified_gmt":"2023-10-09T12:08:01","slug":"o-drustvu","status":"publish","type":"page","link":"https:\/\/mo.rasica.org\/index.php\/o-drustvu\/","title":{"rendered":"O dru\u0161tvu"},"content":{"rendered":"\t\t<div data-elementor-type=\"wp-page\" data-elementor-id=\"3882\" class=\"elementor elementor-3882\" data-elementor-settings=\"[]\">\n\t\t\t\t\t\t\t<div class=\"elementor-section-wrap\">\n\t\t\t\t\t\t\t<section class=\"elementor-section elementor-top-section elementor-element elementor-element-b651aa1 elementor-section-stretched elementor-section-boxed elementor-section-height-default elementor-section-height-default\" data-id=\"b651aa1\" data-element_type=\"section\" data-settings=\"{&quot;stretch_section&quot;:&quot;section-stretched&quot;,&quot;background_background&quot;:&quot;classic&quot;}\">\r\n\t\t\t\r\n\t\t\t\t\t\t\t\t\t<div class=\"elementor-container elementor-column-gap-default\">\r\n\t\t\t\t\t\t\t\t\t\t\t<div class=\"elementor-column elementor-col-100 elementor-top-column elementor-element elementor-element-1a20291\" data-id=\"1a20291\" data-element_type=\"column\">\r\n\r\n\t\t\t\t\t<div class=\"elementor-widget-wrap elementor-element-populated\">\r\n\t\t\t\t\t\t\t\t<div class=\"elementor-element elementor-element-43016f1 elementor-widget elementor-widget-spacer\" data-id=\"43016f1\" data-element_type=\"widget\" data-widget_type=\"spacer.default\">\n\t\t\t\t<div class=\"elementor-widget-container\">\n\t\t\t\t\t<div class=\"elementor-spacer\">\n\t\t\t<div class=\"elementor-spacer-inner\"><\/div>\n\t\t<\/div>\n\t\t\t\t<\/div>\n\t\t\t\t<\/div>\n\t\t\t\t<div class=\"elementor-element elementor-element-83eb73e elementor-widget elementor-widget-porto_ultimate_heading\" data-id=\"83eb73e\" data-element_type=\"widget\" data-widget_type=\"porto_ultimate_heading.default\">\n\t\t\t\t<div class=\"elementor-widget-container\">\n\t\t\t<div class=\"porto-u-heading\" data-hspacer=\"no_spacer\" data-halign=\"center\" style=\"text-align:center\"><div class=\"porto-u-main-heading\"><h2   >PLANINSKO DRU\u0160TVO RA\u0160ICA<\/h2><\/div><\/div>\t\t<\/div>\n\t\t\t\t<\/div>\n\t\t\t\t<div class=\"elementor-element elementor-element-37e1d1c elementor-widget elementor-widget-spacer\" data-id=\"37e1d1c\" data-element_type=\"widget\" data-widget_type=\"spacer.default\">\n\t\t\t\t<div class=\"elementor-widget-container\">\n\t\t\t\t\t<div class=\"elementor-spacer\">\n\t\t\t<div class=\"elementor-spacer-inner\"><\/div>\n\t\t<\/div>\n\t\t\t\t<\/div>\n\t\t\t\t<\/div>\n\t\t\t\t\t<\/div>\r\n\t\t\t\t<\/div>\r\n\t\t\t\t\t\t<\/div>\r\n\t\t\t\t<\/section>\r\n\t\t\t\t<section class=\"elementor-section elementor-top-section elementor-element elementor-element-b1221a2 elementor-section-boxed elementor-section-height-default elementor-section-height-default\" data-id=\"b1221a2\" data-element_type=\"section\">\r\n\t\t\t\r\n\t\t\t\t\t\t\t\t\t<div class=\"elementor-container elementor-column-gap-default\">\r\n\t\t\t\t\t\t\t\t\t\t\t<div class=\"elementor-column elementor-col-100 elementor-top-column elementor-element elementor-element-f33a10a\" data-id=\"f33a10a\" data-element_type=\"column\">\r\n\r\n\t\t\t\t\t<div class=\"elementor-widget-wrap elementor-element-populated\">\r\n\t\t\t\t\t\t\t\t<div class=\"elementor-element elementor-element-f56b7bf elementor-widget elementor-widget-text-editor\" data-id=\"f56b7bf\" data-element_type=\"widget\" data-widget_type=\"text-editor.default\">\n\t\t\t\t<div class=\"elementor-widget-container\">\n\t\t\t<style>\/*! elementor - v3.5.6 - 28-02-2022 *\/\n.elementor-widget-text-editor.elementor-drop-cap-view-stacked .elementor-drop-cap{background-color:#818a91;color:#fff}.elementor-widget-text-editor.elementor-drop-cap-view-framed .elementor-drop-cap{color:#818a91;border:3px solid;background-color:transparent}.elementor-widget-text-editor:not(.elementor-drop-cap-view-default) .elementor-drop-cap{margin-top:8px}.elementor-widget-text-editor:not(.elementor-drop-cap-view-default) .elementor-drop-cap-letter{width:1em;height:1em}.elementor-widget-text-editor .elementor-drop-cap{float:left;text-align:center;line-height:1;font-size:50px}.elementor-widget-text-editor .elementor-drop-cap-letter{display:inline-block}<\/style>\t\t\t\t<p><span style=\"font-weight: 400;\">Planinsko dru\u0161tvo Ra\u0161ica je bilo ustanovljeno leta 1958 in je eno od starej\u0161ih dru\u0161tev na obmo\u010dju Ljubljane.\u00a0<\/span><\/p><p><span style=\"font-weight: 400;\">Za na\u0161e \u010dlane organiziramo:<\/span><\/p><ul><li style=\"font-weight: 400;\" aria-level=\"1\"><span style=\"font-weight: 400;\">planinske izlete in gorni\u0161ke ture po Sloveniji in v tujini za razli\u010dne starostne skupine in z razli\u010dnimi ravnmi zahtevnosti;<\/span><\/li><li style=\"font-weight: 400;\" aria-level=\"1\"><span style=\"font-weight: 400;\">alpinisti\u010dne in \u0161portno plezalne aktivnosti;<\/span><\/li><li style=\"font-weight: 400;\" aria-level=\"1\"><span style=\"font-weight: 400;\">mladinski planinski tabor;<\/span><\/li><li style=\"font-weight: 400;\" aria-level=\"1\"><span style=\"font-weight: 400;\">alpinisti\u010dno \u0161olo;<\/span><\/li><li style=\"font-weight: 400;\" aria-level=\"1\"><span style=\"font-weight: 400;\">\u0161olo \u0161portnega plezanja;<\/span><\/li><li style=\"font-weight: 400;\" aria-level=\"1\"><span style=\"font-weight: 400;\">gorni\u0161ke ture oziroma alpinisti\u010dne vzpone z gorskim vodnikom.<\/span><\/li><\/ul><p><span style=\"font-weight: 400;\">V dru\u0161tvu skrbimo \u0161e za:<\/span><\/p><ul><li style=\"font-weight: 400;\" aria-level=\"1\"><span style=\"font-weight: 400;\">upravljanje in vzdr\u017eevanje planinskega doma na Ra\u0161ici;<\/span><\/li><li style=\"font-weight: 400;\" aria-level=\"1\"><span style=\"font-weight: 400;\">markiranje ter vzdr\u017eevanje planinskih poti;<\/span><\/li><\/ul><p><span style=\"font-weight: 400;\">S strokovnim znanjem planinskih ter gorskih vodnikov, alpinistov ter alpinisti\u010dnih in\u0161truktorjev zagotavljamo varno in kakovostno izvedbo najrazli\u010dnej\u0161ih izletov, gorni\u0161kih in alpinisti\u010dnih tur, kakor tudi alpinisti\u010dnega in \u0161portno plezalnega te\u010daja ter drugih izobra\u017eevalnih aktivnosti.<\/span><\/p><p><span style=\"font-weight: 400;\">Planinsko dru\u0161tvo je navdihujo\u010da skupnost posameznikov, ki si prizadevajo za ohranjanje, raziskovanje in ljubezen do narave ter gora.<\/span><\/p><p><span style=\"font-weight: 400;\">Namenjeno je vsem starostnim skupinam in sprejema \u010dlane z razli\u010dnimi stopnjami izku\u0161enj \u2013 od za\u010detnikov do izku\u0161enih gornikov. \u010ce se \u017eelite pridru\u017eiti na\u0161i strastni skupnosti ljubiteljev narave in gora, vas vabimo, da postanete \u010dlan na\u0161ega planinskega dru\u0161tva. Ne glede na to, ali ste za\u010detnik ali izku\u0161en planinec, boste tukaj na\u0161li prilo\u017enosti za raziskovanje, u\u010denje in rast v naravi. Skupaj bomo ustvarjali nepozabne trenutke v gorskem okolju.<\/span><\/p><p><span style=\"font-weight: 400;\">Zdru\u017eujemo ljudi s strastjo do gora in narave, ter jih navdu\u0161ujemo za raziskovanje prelepih slovenskih gorskih pokrajin.<\/span><\/p><h2>Osnovni podatki o dru\u0161tvu<\/h2><p><span style=\"font-weight: 400;\">Planinsko dru\u0161tvo Ra\u0161ica<\/span><\/p><p><span style=\"font-weight: 400;\">Pru\u0161nikova ulica 99, 1210 Ljubljana- \u0160entvid<\/span><\/p><p><span style=\"font-weight: 400;\">Spletni naslov: www.rasica.org\u00a0<\/span><\/p><p><span style=\"font-weight: 400;\">Planinsko dru\u0161tvo Ra\u0161ica ima svoj sede\u017e in dru\u0161tveno pisarno v stavbi Ljudskega doma na Pru\u0161nikovi ulici 99, v \u0160entvidu. V pisarni ima dru\u0161tvo uradne ure, odseki dru\u0161tva imajo svoje tedenske sestanke, Alpinisti\u010dni odsek pa ima tudi predavanja v okviru alpinisti\u010dne \u0161ole.<\/span><\/p><p>\u00a0<\/p>\t\t\t\t\t\t<\/div>\n\t\t\t\t<\/div>\n\t\t\t\t\t<\/div>\r\n\t\t\t\t<\/div>\r\n\t\t\t\t\t\t<\/div>\r\n\t\t\t\t<\/section>\r\n\t\t\t\t\t\t<\/div>\n\t\t\t\t\t<\/div>\n\t\t","protected":false},"excerpt":{"rendered":"<p>PLANINSKO DRU\u0160TVO RA\u0160ICA Planinsko dru\u0161tvo Ra\u0161ica je bilo ustanovljeno leta 1958 in je eno od starej\u0161ih dru\u0161tev na obmo\u010dju Ljubljane.\u00a0 Za na\u0161e \u010dlane organiziramo: planinske izlete in gorni\u0161ke ture po Sloveniji in v tujini za razli\u010dne starostne skupine in z razli\u010dnimi ravnmi zahtevnosti; alpinisti\u010dne in \u0161portno plezalne aktivnosti; mladinski planinski tabor; alpinisti\u010dno \u0161olo; \u0161olo \u0161portnega [&hellip;]<\/p>\n","protected":false},"author":1,"featured_media":0,"parent":0,"menu_order":0,"comment_status":"closed","ping_status":"closed","template":"","meta":{"footnotes":""},"class_list":["post-3882","page","type-page","status-publish","hentry"],"_links":{"self":[{"href":"https:\/\/mo.rasica.org\/index.php\/wp-json\/wp\/v2\/pages\/3882","targetHints":{"allow":["GET"]}}],"collection":[{"href":"https:\/\/mo.rasica.org\/index.php\/wp-json\/wp\/v2\/pages"}],"about":[{"href":"https:\/\/mo.rasica.org\/index.php\/wp-json\/wp\/v2\/types\/page"}],"author":[{"embeddable":true,"href":"https:\/\/mo.rasica.org\/index.php\/wp-json\/wp\/v2\/users\/1"}],"replies":[{"embeddable":true,"href":"https:\/\/mo.rasica.org\/index.php\/wp-json\/wp\/v2\/comments?post=3882"}],"version-history":[{"count":70,"href":"https:\/\/mo.rasica.org\/index.php\/wp-json\/wp\/v2\/pages\/3882\/revisions"}],"predecessor-version":[{"id":5154,"href":"https:\/\/mo.rasica.org\/index.php\/wp-json\/wp\/v2\/pages\/3882\/revisions\/5154"}],"wp:attachment":[{"href":"https:\/\/mo.rasica.org\/index.php\/wp-json\/wp\/v2\/media?parent=3882"}],"curies":[{"name":"wp","href":"https:\/\/api.w.org\/{rel}","templated":true}]}}