{"id":4816,"date":"2023-09-06T13:34:23","date_gmt":"2023-09-06T11:34:23","guid":{"rendered":"https:\/\/mo.rasica.org\/?page_id=4816"},"modified":"2023-10-09T14:53:47","modified_gmt":"2023-10-09T12:53:47","slug":"seznam-stvari","status":"publish","type":"page","link":"https:\/\/mo.rasica.org\/index.php\/seznam-stvari\/","title":{"rendered":"Seznam stvari"},"content":{"rendered":"\t\t<div data-elementor-type=\"wp-page\" data-elementor-id=\"4816\" class=\"elementor elementor-4816\" data-elementor-settings=\"[]\">\n\t\t\t\t\t\t\t<div class=\"elementor-section-wrap\">\n\t\t\t\t\t\t\t<section class=\"elementor-section elementor-top-section elementor-element elementor-element-dd4e53a elementor-section-boxed elementor-section-height-default elementor-section-height-default\" data-id=\"dd4e53a\" data-element_type=\"section\">\r\n\t\t\t\r\n\t\t\t\t\t\t\t\t\t<div class=\"elementor-container elementor-column-gap-default\">\r\n\t\t\t\t\t\t\t\t\t\t\t<div class=\"elementor-column elementor-col-66 elementor-top-column elementor-element elementor-element-c38685c\" data-id=\"c38685c\" data-element_type=\"column\">\r\n\r\n\t\t\t\t\t<div class=\"elementor-widget-wrap elementor-element-populated\">\r\n\t\t\t\t\t\t\t\t<div class=\"elementor-element elementor-element-ad607a6 elementor-widget elementor-widget-text-editor\" data-id=\"ad607a6\" data-element_type=\"widget\" data-widget_type=\"text-editor.default\">\n\t\t\t\t<div class=\"elementor-widget-container\">\n\t\t\t<style>\/*! elementor - v3.5.6 - 28-02-2022 *\/\n.elementor-widget-text-editor.elementor-drop-cap-view-stacked .elementor-drop-cap{background-color:#818a91;color:#fff}.elementor-widget-text-editor.elementor-drop-cap-view-framed .elementor-drop-cap{color:#818a91;border:3px solid;background-color:transparent}.elementor-widget-text-editor:not(.elementor-drop-cap-view-default) .elementor-drop-cap{margin-top:8px}.elementor-widget-text-editor:not(.elementor-drop-cap-view-default) .elementor-drop-cap-letter{width:1em;height:1em}.elementor-widget-text-editor .elementor-drop-cap{float:left;text-align:center;line-height:1;font-size:50px}.elementor-widget-text-editor .elementor-drop-cap-letter{display:inline-block}<\/style>\t\t\t\t<div>\n<h2 style=\"--porto-h2-ff: 'Playfair Display'; --porto-h2-fw: 700; --porto-h2-fs: 27px; --porto-h2-lh: 40px; --porto-h2-color: #1d2127; font-weight: var( --e-global-typography-primary-font-weight ); color: var( --e-global-color-primary ); font-family: var( --e-global-typography-primary-font-family ), Sintony;\" data-elementor-setting-key=\"title\" data-pen-placeholder=\"Type Here...\"><span style=\"color: var( --e-global-color-primary ); font-family: var( --e-global-typography-primary-font-family ), Sintony; font-weight: var( --e-global-typography-primary-font-weight ); letter-spacing: -0.05em;\">KAJ OBLE\u010cEM IN OBUJEM?<\/span><\/h2>\n<\/div>\n<ul style=\"font-size: 19.6px;\">\n \t<li aria-level=\"1\">Topla obla\u010dila (prilagoditev glede na vremensko napoved in temperature)<\/li>\n<\/ul>\n<ul style=\"font-size: 19.6px;\">\n \t<li aria-level=\"1\">Vetrovko oziroma jakno + trak za u\u0161esa (<i>prilagoditev glede na vremensko napoved in temperature)<\/i><i style=\"color: var( --e-global-color-text ); font-family: var( --e-global-typography-text-font-family ), Sintony; font-weight: var( --e-global-typography-text-font-weight ); letter-spacing: 0px;\">\u00a0<\/i><\/li>\n<\/ul>\n<ul style=\"font-size: 19.6px;\">\n \t<li aria-level=\"1\"><i>Kapa in rokavice so obvezni del opreme v hribih, kjer se vreme lahko zelo hitro spremeni<\/i><i style=\"color: var( --e-global-color-text ); font-family: var( --e-global-typography-text-font-family ), Sintony; font-weight: var( --e-global-typography-text-font-weight ); letter-spacing: 0px;\">\u00a0<\/i><\/li>\n<\/ul>\n<ul style=\"font-size: 19.6px;\">\n \t<li aria-level=\"1\"><i>Nahrbtnik<\/i><\/li>\n<\/ul>\n<ul style=\"font-size: 19.6px;\">\n \t<li><span style=\"font-weight: bold;\">Visoke planinske \u010devlje s profiliranim podplatom<\/span><\/li>\n<\/ul>\t\t\t\t\t\t<\/div>\n\t\t\t\t<\/div>\n\t\t\t\t\t<\/div>\r\n\t\t\t\t<\/div>\r\n\t\t\t\t<div class=\"elementor-column elementor-col-33 elementor-top-column elementor-element elementor-element-c42df1b\" data-id=\"c42df1b\" data-element_type=\"column\">\r\n\r\n\t\t\t\t\t<div class=\"elementor-widget-wrap elementor-element-populated\">\r\n\t\t\t\t\t\t\t\t<div class=\"elementor-element elementor-element-2850851 elementor-widget elementor-widget-image\" data-id=\"2850851\" data-element_type=\"widget\" data-widget_type=\"image.default\">\n\t\t\t\t<div class=\"elementor-widget-container\">\n\t\t\t<style>\/*! elementor - v3.5.6 - 28-02-2022 *\/\n.elementor-widget-image{text-align:center}.elementor-widget-image a{display:inline-block}.elementor-widget-image a img[src$=\".svg\"]{width:48px}.elementor-widget-image img{vertical-align:middle;display:inline-block}<\/style>\t\t\t\t\t\t\t\t\t\t\t\t<img loading=\"lazy\" decoding=\"async\" width=\"724\" height=\"1024\" src=\"https:\/\/mo.rasica.org\/wp-content\/uploads\/2023\/09\/Izdelek-brez-naslova-724x1024.png\" class=\"attachment-large size-large\" alt=\"\" srcset=\"https:\/\/mo.rasica.org\/wp-content\/uploads\/2023\/09\/Izdelek-brez-naslova-724x1024.png 724w, https:\/\/mo.rasica.org\/wp-content\/uploads\/2023\/09\/Izdelek-brez-naslova-640x905.png 640w, https:\/\/mo.rasica.org\/wp-content\/uploads\/2023\/09\/Izdelek-brez-naslova-400x566.png 400w, https:\/\/mo.rasica.org\/wp-content\/uploads\/2023\/09\/Izdelek-brez-naslova-367x519.png 367w\" sizes=\"auto, (max-width: 724px) 100vw, 724px\" \/>\t\t\t\t\t\t\t\t\t\t\t\t\t\t\t<\/div>\n\t\t\t\t<\/div>\n\t\t\t\t\t<\/div>\r\n\t\t\t\t<\/div>\r\n\t\t\t\t\t\t<\/div>\r\n\t\t\t\t<\/section>\r\n\t\t\t\t<section class=\"elementor-section elementor-top-section elementor-element elementor-element-d03a518 elementor-section-boxed elementor-section-height-default elementor-section-height-default\" data-id=\"d03a518\" data-element_type=\"section\">\r\n\t\t\t\r\n\t\t\t\t\t\t\t\t\t<div class=\"elementor-container elementor-column-gap-default\">\r\n\t\t\t\t\t\t\t\t\t\t\t<div class=\"elementor-column elementor-col-100 elementor-top-column elementor-element elementor-element-1d73827\" data-id=\"1d73827\" data-element_type=\"column\">\r\n\r\n\t\t\t\t\t<div class=\"elementor-widget-wrap elementor-element-populated\">\r\n\t\t\t\t\t\t\t\t<div class=\"elementor-element elementor-element-a40c2f4 elementor-widget elementor-widget-text-editor\" data-id=\"a40c2f4\" data-element_type=\"widget\" data-widget_type=\"text-editor.default\">\n\t\t\t\t<div class=\"elementor-widget-container\">\n\t\t\t\t\t\t\t<h2 style=\"--porto-h2-ff: 'Playfair Display'; --porto-h2-fw: 700; --porto-h2-fs: 27px; --porto-h2-lh: 40px; --porto-h2-color: #1d2127; font-size: 19.6px;\">\u00a0<span style=\"font-size: 36px; letter-spacing: -0.05em;\">Otroci naj bojo oble\u010deni VE\u010cPLASTNO, da se lahko na poti prilagajajo temperaturam in spremembam na poti!<\/span><\/h2>\t\t\t\t\t\t<\/div>\n\t\t\t\t<\/div>\n\t\t\t\t\t<\/div>\r\n\t\t\t\t<\/div>\r\n\t\t\t\t\t\t<\/div>\r\n\t\t\t\t<\/section>\r\n\t\t\t\t<section class=\"elementor-section elementor-top-section elementor-element elementor-element-d7215ca elementor-section-boxed elementor-section-height-default elementor-section-height-default\" data-id=\"d7215ca\" data-element_type=\"section\">\r\n\t\t\t\r\n\t\t\t\t\t\t\t\t\t<div class=\"elementor-container elementor-column-gap-default\">\r\n\t\t\t\t\t\t\t\t\t\t\t<div class=\"elementor-column elementor-col-50 elementor-top-column elementor-element elementor-element-f63689a\" data-id=\"f63689a\" data-element_type=\"column\">\r\n\r\n\t\t\t\t\t<div class=\"elementor-widget-wrap elementor-element-populated\">\r\n\t\t\t\t\t\t\t\t<div class=\"elementor-element elementor-element-0ac56e7 elementor-widget elementor-widget-text-editor\" data-id=\"0ac56e7\" data-element_type=\"widget\" data-widget_type=\"text-editor.default\">\n\t\t\t\t<div class=\"elementor-widget-container\">\n\t\t\t\t\t\t\t<h1 class=\"elementor-heading-title elementor-size-default elementor-inline-editing pen\" style=\"--porto-h2-ff: 'Playfair Display'; --porto-h2-fw: 700; --porto-h2-fs: 27px; --porto-h2-lh: 40px; --porto-h2-color: #1d2127; font-weight: var( --e-global-typography-primary-font-weight ); color: var( --e-global-color-primary ); font-family: var( --e-global-typography-primary-font-family ), Sintony;\" data-elementor-setting-key=\"title\" data-pen-placeholder=\"Type Here...\"><span style=\"color: var( --e-global-color-primary ); font-family: var( --e-global-typography-primary-font-family ), Sintony; font-weight: var( --e-global-typography-primary-font-weight ); letter-spacing: -0.05em;\">KAJ IMAM V NAHRBTNIKU ?<\/span><\/h1><div><span style=\"color: var( --e-global-color-primary ); font-family: var( --e-global-typography-primary-font-family ), Sintony; font-weight: var( --e-global-typography-primary-font-weight ); letter-spacing: -0.05em;\">\u00a0<\/span><\/div><ul><li style=\"list-style-type: none;\"><ul style=\"font-size: 19.6px;\"><li aria-level=\"1\"><span style=\"color: var( --e-global-color-text ); font-family: var( --e-global-typography-text-font-family ), Sintony; font-weight: var( --e-global-typography-text-font-weight ); letter-spacing: 0px;\">Malica za cel dan (<\/span><i style=\"color: var( --e-global-color-text ); font-family: var( --e-global-typography-text-font-family ), Sintony; font-weight: var( --e-global-typography-text-font-weight ); letter-spacing: 0px;\">ta naj bo v vre\u010dki in ne v plasti\u010dnih posodicah, da otrok ne nosi odve\u010dne embala\u017ee<\/i><span style=\"color: var( --e-global-color-text ); font-family: var( --e-global-typography-text-font-family ), Sintony; font-weight: var( --e-global-typography-text-font-weight ); letter-spacing: 0px;\">)<\/span><br \/><ul><li aria-level=\"1\">Nekaj sladkega za mo\u010d (<i>npr. \u010dokoladica ali nekaj kar lahko otrok prigrizne v kratki pavzi (ore\u0161\u010dki))<\/i><\/li><\/ul><\/li><li style=\"list-style-type: none;\"><ul><li aria-level=\"1\">Dovolj teko\u010dine (<i>v eni fla\u0161ki naj bo topel \u010daj, v drugi pa voda ali ne-sladka pija\u010da (priporo\u010damo 1liter; dobro preverite, da ne pu\u0161\u010da<\/i><em>))<\/em><\/li><\/ul><\/li><li style=\"list-style-type: none;\"><ul><li aria-level=\"1\">Rezervna obla\u010dila (majica, hla\u010de, nogavice oz po potrebi)+ vre\u010dka za smeti<\/li><\/ul><\/li><li style=\"list-style-type: none;\"><ul><li aria-level=\"1\">De\u017enik (zlo\u017eljiv) ali pelerino<\/li><\/ul><\/li><li style=\"list-style-type: none;\"><ul><li aria-level=\"1\">Kapa, buff\/\u0161al, trak in rokavice (vedno v nahrbtniku!)<\/li><\/ul><\/li><li style=\"list-style-type: none;\"><ul><li aria-level=\"1\">Papirnati rob\u010dki<\/li><\/ul><\/li><li style=\"list-style-type: none;\"><ul><li aria-level=\"1\">Planinska \u010dlanska izkaznica (\u010de jo ima\u0161)<\/li><\/ul><\/li><li style=\"list-style-type: none;\"><ul><li aria-level=\"1\">Dnevnik Mladega planinca in pisalo<\/li><\/ul><\/li><li style=\"list-style-type: none;\"><ul><li>Denar\u00a0<i>za prigrizek v ko\u010di (priporo\u010damo cca 5\u20ac; denar naj bo v kovancih)<\/i><\/li><\/ul><\/li><\/ul><\/li><\/ul>\t\t\t\t\t\t<\/div>\n\t\t\t\t<\/div>\n\t\t\t\t\t<\/div>\r\n\t\t\t\t<\/div>\r\n\t\t\t\t<div class=\"elementor-column elementor-col-50 elementor-top-column elementor-element elementor-element-222cce0\" data-id=\"222cce0\" data-element_type=\"column\">\r\n\r\n\t\t\t\t\t<div class=\"elementor-widget-wrap elementor-element-populated\">\r\n\t\t\t\t\t\t\t\t<div class=\"elementor-element elementor-element-bc97bad elementor-widget elementor-widget-image\" data-id=\"bc97bad\" data-element_type=\"widget\" data-widget_type=\"image.default\">\n\t\t\t\t<div class=\"elementor-widget-container\">\n\t\t\t\t\t\t\t\t\t\t\t\t\t\t\t<img loading=\"lazy\" decoding=\"async\" width=\"1086\" height=\"1536\" src=\"https:\/\/mo.rasica.org\/wp-content\/uploads\/2023\/09\/Have-a-Nice-Day-1086x1536.png\" class=\"attachment-1536x1536 size-1536x1536\" alt=\"\" srcset=\"https:\/\/mo.rasica.org\/wp-content\/uploads\/2023\/09\/Have-a-Nice-Day-1086x1536.png 1086w, https:\/\/mo.rasica.org\/wp-content\/uploads\/2023\/09\/Have-a-Nice-Day-724x1024.png 724w, https:\/\/mo.rasica.org\/wp-content\/uploads\/2023\/09\/Have-a-Nice-Day-768x1086.png 768w, https:\/\/mo.rasica.org\/wp-content\/uploads\/2023\/09\/Have-a-Nice-Day-640x905.png 640w, https:\/\/mo.rasica.org\/wp-content\/uploads\/2023\/09\/Have-a-Nice-Day-400x566.png 400w, https:\/\/mo.rasica.org\/wp-content\/uploads\/2023\/09\/Have-a-Nice-Day-367x519.png 367w\" sizes=\"auto, (max-width: 1086px) 100vw, 1086px\" \/>\t\t\t\t\t\t\t\t\t\t\t\t\t\t\t<\/div>\n\t\t\t\t<\/div>\n\t\t\t\t\t<\/div>\r\n\t\t\t\t<\/div>\r\n\t\t\t\t\t\t<\/div>\r\n\t\t\t\t<\/section>\r\n\t\t\t\t\t\t<\/div>\n\t\t\t\t\t<\/div>\n\t\t","protected":false},"excerpt":{"rendered":"<p>KAJ OBLE\u010cEM IN OBUJEM? Topla obla\u010dila (prilagoditev glede na vremensko napoved in temperature) Vetrovko oziroma jakno + trak za u\u0161esa (prilagoditev glede na vremensko napoved in temperature)\u00a0 Kapa in rokavice so obvezni del opreme v hribih, kjer se vreme lahko zelo hitro spremeni\u00a0 Nahrbtnik Visoke planinske \u010devlje s profiliranim podplatom \u00a0Otroci naj bojo oble\u010deni VE\u010cPLASTNO, [&hellip;]<\/p>\n","protected":false},"author":3,"featured_media":0,"parent":0,"menu_order":0,"comment_status":"closed","ping_status":"closed","template":"","meta":{"footnotes":""},"class_list":["post-4816","page","type-page","status-publish","hentry"],"_links":{"self":[{"href":"https:\/\/mo.rasica.org\/index.php\/wp-json\/wp\/v2\/pages\/4816","targetHints":{"allow":["GET"]}}],"collection":[{"href":"https:\/\/mo.rasica.org\/index.php\/wp-json\/wp\/v2\/pages"}],"about":[{"href":"https:\/\/mo.rasica.org\/index.php\/wp-json\/wp\/v2\/types\/page"}],"author":[{"embeddable":true,"href":"https:\/\/mo.rasica.org\/index.php\/wp-json\/wp\/v2\/users\/3"}],"replies":[{"embeddable":true,"href":"https:\/\/mo.rasica.org\/index.php\/wp-json\/wp\/v2\/comments?post=4816"}],"version-history":[{"count":46,"href":"https:\/\/mo.rasica.org\/index.php\/wp-json\/wp\/v2\/pages\/4816\/revisions"}],"predecessor-version":[{"id":5178,"href":"https:\/\/mo.rasica.org\/index.php\/wp-json\/wp\/v2\/pages\/4816\/revisions\/5178"}],"wp:attachment":[{"href":"https:\/\/mo.rasica.org\/index.php\/wp-json\/wp\/v2\/media?parent=4816"}],"curies":[{"name":"wp","href":"https:\/\/api.w.org\/{rel}","templated":true}]}}